{"id":766,"date":"2015-09-16T10:03:27","date_gmt":"2015-09-16T08:03:27","guid":{"rendered":"https:\/\/www.umweltpakt.bayern.de\/emaskompass\/?page_id=766"},"modified":"2022-04-04T10:32:19","modified_gmt":"2022-04-04T08:32:19","slug":"pilotprojekt","status":"publish","type":"page","link":"https:\/\/www.umweltpakt.bayern.de\/emaskompass\/pilotprojekt\/","title":{"rendered":"Die Pilotprojekte"},"content":{"rendered":"<p><b>Der Bayerische <abbr title=\"Eco-Management and Audit Scheme\">EMAS<\/abbr>-Kompass ist das Ergebnis des Pilotprojektes \u201eSchritt f\u00fcr Schritt von \u00d6KOPROFIT\/QuB zu EMAS&#8220;, das 2014\/2015 durchgef\u00fchrt wurde. Die Novellierungen von EMAS 2017\/2018 wurden im Rahmen eines zweiten Pilotprojekts &#8222;Vom Energieaudit zu EMAS&#8220; in eine neue Version des EMAS-Kompass eingearbeitet.<\/b><\/p>\n<h2>Das Projekt &#8222;Schritt f\u00fcr Schritt von \u00d6KOPROFIT\/QuB zu EMAS&#8220;<\/h2>\n<p><b><\/b>An dem Pilotprojekt des Bayerischen Landesamts f\u00fcr Umwelt (LfU) im Rahmen des Umweltpakts Bayern haben drei \u00d6KOPROFIT- und drei QuB-Betriebe teilgenommen. Die Pilotbetriebe wurden in Form von mehreren Workshops und Vor-Ort- Beratungsterminen intensiv betreut und auf dem Weg zu EMAS begleitet. Sie haben die Validierung in 11 Monaten geschafft. Davon sollen nun auch andere Betriebe profitieren, die ihr Umweltmanagement systematisch ausbauen wollen. So wurden die Arbeitsmaterialien, die von Unternehmen kostenlos genutzt werden k\u00f6nnen, von den Pilotbetrieben getestet. Au\u00dferdem wurden die Erfahrungen der Betriebe in kleinen Video-Beitr\u00e4gen festgehalten.<\/p>\n<h2>Das Projekt &#8222;Vom Energieaudit zu EMAS&#8220;<\/h2>\n<p>An dem Pilotprojekt des Bayerischen Landesamts f\u00fcr Umwelt (LfU) im Rahmen des Umweltpakts Bayern nahmen drei Energieaudit-Betriebe teil. Das Projekt diente dazu Energieaudit-Betriebe zur Einf\u00fchrung von EMAS zu motivieren und zu erarbeiten, wie die Energieauditinhalte f\u00fcr ein Umweltmanagementsystem nach EMAS genutzt werden k\u00f6nnen. Die Pilotbetriebe wurden auf dem Weg zu EMAS intensiv betreut und testeten die Hilfestellungen, die auf dieser Homepage zur Verf\u00fcgung gestellt werden.<\/p>\n<h2>Projektbeteiligte<\/h2>\n<h3>Projektmanagement<\/h3>\n<p>Infozentrum UmweltWirtschaft (IZU) des<br \/>Bayerischen Landesamts f\u00fcr Umwelt<br \/>E-Mail: <a href=\"mailto:izu@lfu.bayern.de\">izu@lfu.bayern.de<\/a><\/p>\n<h3>Projektbearbeitung<\/h3>\n<p>Begleitung der Pilotbetriebe, Entwicklung der Arbeitsmaterialien und Film.<\/p>\n<p><img loading=\"lazy\" decoding=\"async\" class=\"alignnone wp-image-162 size-full\" src=\"https:\/\/www.umweltpakt.bayern.de\/emaskompass\/wp-content\/uploads\/2014\/11\/Arqum_Logo_Blog.jpg\" alt=\"Arqum_Logo_Blog\" width=\"200\" height=\"100\" srcset=\"https:\/\/www.umweltpakt.bayern.de\/emaskompass\/wp-content\/uploads\/2014\/11\/Arqum_Logo_Blog.jpg 200w, https:\/\/www.umweltpakt.bayern.de\/emaskompass\/wp-content\/uploads\/2014\/11\/Arqum_Logo_Blog-164x82.jpg 164w\" sizes=\"auto, (max-width: 200px) 100vw, 200px\" \/><\/p>\n<p>ARQUM \u2013 Gesellschaft f\u00fcr Arbeitssicherheits-, Qualit\u00e4ts- und Umweltmanagement mbH<br \/>Leonrodstra\u00dfe 54<br \/>80636 M\u00fcnchen<\/p>\n<p><img loading=\"lazy\" decoding=\"async\" class=\"alignnone size-full wp-image-397\" src=\"https:\/\/www.umweltpakt.bayern.de\/emaskompass\/wp-content\/uploads\/2015\/01\/Intechnica_Logo_Blog.jpg\" alt=\"Intechnica_Logo_Blog\" width=\"200\" height=\"100\" srcset=\"https:\/\/www.umweltpakt.bayern.de\/emaskompass\/wp-content\/uploads\/2015\/01\/Intechnica_Logo_Blog.jpg 200w, https:\/\/www.umweltpakt.bayern.de\/emaskompass\/wp-content\/uploads\/2015\/01\/Intechnica_Logo_Blog-164x82.jpg 164w\" sizes=\"auto, (max-width: 200px) 100vw, 200px\" \/><\/p>\n<p>Intechnica GmbH<br \/>Ostendstr. 181<br \/>90482 N\u00fcrnberg<\/p>\n<p><img loading=\"lazy\" decoding=\"async\" class=\"alignnone wp-image-163 size-full\" src=\"https:\/\/www.umweltpakt.bayern.de\/emaskompass\/wp-content\/uploads\/2014\/11\/imagine_Logo_Blog.jpg\" alt=\"imagine_Logo_Blog\" width=\"200\" height=\"100\" srcset=\"https:\/\/www.umweltpakt.bayern.de\/emaskompass\/wp-content\/uploads\/2014\/11\/imagine_Logo_Blog.jpg 200w, https:\/\/www.umweltpakt.bayern.de\/emaskompass\/wp-content\/uploads\/2014\/11\/imagine_Logo_Blog-164x82.jpg 164w\" sizes=\"auto, (max-width: 200px) 100vw, 200px\" \/><\/p>\n<p>imagine media productions<br \/>Adelheidstr. 8<br \/>80798 M\u00fcnchen<\/p>\n<p>\u00a0<\/p>\n<p><img loading=\"lazy\" decoding=\"async\" class=\"alignnone wp-image-1049\" src=\"https:\/\/www.umweltpakt.bayern.de\/emaskompass\/wp-content\/uploads\/2020\/10\/kreativmandat_logo-2-e1601563366669.jpg\" alt=\"\" width=\"221\" height=\"56\" \/><\/p>\n<p><span style=\"display: inline !important; float: none; background-color: #ffffff; color: #1e1e1e; cursor: text; font-family: 'Noto Serif'; font-size: 16px; font-style: normal; font-variant: normal; font-weight: 400; letter-spacing: normal; orphans: 2; text-align: left; text-decoration: none; text-indent: 0px; text-transform: none; -webkit-text-stroke-width: 0px; white-space: normal; word-spacing: 0px;\">kreativmandat<\/span><br \/><span style=\"display: inline !important; float: none; background-color: #ffffff; color: #1e1e1e; cursor: text; font-family: 'Noto Serif'; font-size: 16px; font-style: normal; font-variant: normal; font-weight: 400; letter-spacing: normal; orphans: 2; text-align: left; text-decoration: none; text-indent: 0px; text-transform: none; -webkit-text-stroke-width: 0px; white-space: normal; word-spacing: 0px;\">Oberstdorfer Stra\u00dfe 1<\/span><br \/><span style=\"display: inline !important; float: none; background-color: #ffffff; color: #1e1e1e; cursor: text; font-family: 'Noto Serif'; font-size: 16px; font-style: normal; font-variant: normal; font-weight: 400; letter-spacing: normal; orphans: 2; text-align: left; text-decoration: none; text-indent: 0px; text-transform: none; -webkit-text-stroke-width: 0px; white-space: normal; word-spacing: 0px;\">81476 M\u00fcnchen<\/span><\/p>\n<p>Klekam visuelle Kommunikation<br \/>Alsenweg 14<br \/>81929 M\u00fcnchen<\/p>\n<h3>Pilotbetriebe<\/h3>\n<p><img loading=\"lazy\" decoding=\"async\" class=\"alignnone size-medium wp-image-164\" src=\"https:\/\/www.umweltpakt.bayern.de\/emaskompass\/wp-content\/uploads\/2014\/11\/Pilotbetriebe_Logoteppich-350x350.jpg\" alt=\"Pilotbetriebe_Logoteppich\" width=\"350\" height=\"350\" srcset=\"https:\/\/www.umweltpakt.bayern.de\/emaskompass\/wp-content\/uploads\/2014\/11\/Pilotbetriebe_Logoteppich-350x350.jpg 350w, https:\/\/www.umweltpakt.bayern.de\/emaskompass\/wp-content\/uploads\/2014\/11\/Pilotbetriebe_Logoteppich-92x92.jpg 92w, https:\/\/www.umweltpakt.bayern.de\/emaskompass\/wp-content\/uploads\/2014\/11\/Pilotbetriebe_Logoteppich.jpg 400w\" sizes=\"auto, (max-width: 350px) 100vw, 350px\" \/><img loading=\"lazy\" decoding=\"async\" class=\"alignnone wp-image-1050 \" src=\"https:\/\/www.umweltpakt.bayern.de\/emaskompass\/wp-content\/uploads\/2020\/10\/Logo_Teppich_3_Betriebe.jpg\" alt=\"\" width=\"354\" height=\"168\" srcset=\"https:\/\/www.umweltpakt.bayern.de\/emaskompass\/wp-content\/uploads\/2020\/10\/Logo_Teppich_3_Betriebe.jpg 831w, https:\/\/www.umweltpakt.bayern.de\/emaskompass\/wp-content\/uploads\/2020\/10\/Logo_Teppich_3_Betriebe-350x166.jpg 350w, https:\/\/www.umweltpakt.bayern.de\/emaskompass\/wp-content\/uploads\/2020\/10\/Logo_Teppich_3_Betriebe-535x254.jpg 535w, https:\/\/www.umweltpakt.bayern.de\/emaskompass\/wp-content\/uploads\/2020\/10\/Logo_Teppich_3_Betriebe-164x78.jpg 164w, https:\/\/www.umweltpakt.bayern.de\/emaskompass\/wp-content\/uploads\/2020\/10\/Logo_Teppich_3_Betriebe-768x364.jpg 768w\" sizes=\"auto, (max-width: 354px) 100vw, 354px\" \/><\/p>\n<h3>\u00a0<\/h3>\n<h3>Projektgruppe<\/h3>\n<p>Eine Expertengruppe aus dem Arbeitsforum Managementsysteme des Umweltpakts Bayern hat das Pilotprojekt fachlich begleitet. Folgende Organisationen waren vertreten:<\/p>\n<p>AUDI AG, Bayerisches Landesamt f\u00fcr Umwelt, Bayerisches Staatsministerium f\u00fcr Umwelt und Verbraucherschutz, Flughafen M\u00fcnchen GmbH, Handwerkskammer f\u00fcr Mittelfranken, Industrie- und Handelskammer f\u00fcr M\u00fcnchen und Oberbayern, Landeshauptstadt M\u00fcnchen, Lebenshilfe Werkstatt GmbH, MAN Truck &amp; Bus AG.<\/p>\n\n\n<h3 class=\"wp-block-heading\">Ein Projekt im Rahmen des Umwelt- und Klimapakt Bayern<\/h3>\n\n\n\n<figure class=\"wp-block-image size-full is-resized\"><img loading=\"lazy\" decoding=\"async\" src=\"https:\/\/www.umweltpakt.bayern.de\/emaskompass\/wp-content\/uploads\/2022\/04\/ukp_logo-1.png\" alt=\"Logo des Umwelt- und Klimapakts Bayern\" class=\"wp-image-1074\" width=\"126\" height=\"136\" srcset=\"https:\/\/www.umweltpakt.bayern.de\/emaskompass\/wp-content\/uploads\/2022\/04\/ukp_logo-1.png 162w, https:\/\/www.umweltpakt.bayern.de\/emaskompass\/wp-content\/uploads\/2022\/04\/ukp_logo-1-85x92.png 85w\" sizes=\"auto, (max-width: 126px) 100vw, 126px\" \/><\/figure>\n\n\n\n<h3 class=\"wp-block-heading\">Finanziert durch das Bayerische Staatsministerium f\u00fcr Umwelt und Verbraucherschutz<\/h3>\n\n\n\n<figure class=\"wp-block-image size-large\"><img decoding=\"async\" src=\"https:\/\/www.stmuv.bayern.de\/pic\/schriftzug_ministerium_l.png\" alt=\"\"\/><\/figure>\n\n\n\n<p><\/p>\n","protected":false},"excerpt":{"rendered":"<p>Der Bayerische EMAS-Kompass ist das Ergebnis des Pilotprojektes \u201eSchritt f\u00fcr Schritt von \u00d6KOPROFIT\/QuB zu EMAS&#8220;, das 2014\/2015 durchgef\u00fchrt wurde. Die Novellierungen von EMAS 2017\/2018 wurden im Rahmen eines zweiten Pilotprojekts &#8222;Vom Energieaudit zu EMAS&#8220; in eine neue Version des EMAS-Kompass eingearbeitet. Das Projekt &#8222;Schritt f\u00fcr Schritt von \u00d6KOPROFIT\/QuB zu EMAS&#8220; An dem Pilotprojekt des Bayerischen [&hellip;]<\/p>\n","protected":false},"author":1,"featured_media":0,"parent":0,"menu_order":0,"comment_status":"closed","ping_status":"open","template":"","meta":{"footnotes":""},"class_list":["post-766","page","type-page","status-publish","hentry"],"_links":{"self":[{"href":"https:\/\/www.umweltpakt.bayern.de\/emaskompass\/wp-json\/wp\/v2\/pages\/766","targetHints":{"allow":["GET"]}}],"collection":[{"href":"https:\/\/www.umweltpakt.bayern.de\/emaskompass\/wp-json\/wp\/v2\/pages"}],"about":[{"href":"https:\/\/www.umweltpakt.bayern.de\/emaskompass\/wp-json\/wp\/v2\/types\/page"}],"author":[{"embeddable":true,"href":"https:\/\/www.umweltpakt.bayern.de\/emaskompass\/wp-json\/wp\/v2\/users\/1"}],"replies":[{"embeddable":true,"href":"https:\/\/www.umweltpakt.bayern.de\/emaskompass\/wp-json\/wp\/v2\/comments?post=766"}],"version-history":[{"count":19,"href":"https:\/\/www.umweltpakt.bayern.de\/emaskompass\/wp-json\/wp\/v2\/pages\/766\/revisions"}],"predecessor-version":[{"id":1076,"href":"https:\/\/www.umweltpakt.bayern.de\/emaskompass\/wp-json\/wp\/v2\/pages\/766\/revisions\/1076"}],"wp:attachment":[{"href":"https:\/\/www.umweltpakt.bayern.de\/emaskompass\/wp-json\/wp\/v2\/media?parent=766"}],"curies":[{"name":"wp","href":"https:\/\/api.w.org\/{rel}","templated":true}]}}